.
2, 5, 13
Suppose -3*d + x + 627 = 4*x, 4*d = -3*x + 836. List the prime factors of d.
11, 19
List the prime factors of 698464/260 + (-4)/10.
2, 17, 79
Suppose -4*d + 4 = -4. Suppose -5 = -2*n - 1. Suppose -d*c - i = i - 70, 0 = i - n. List the prime factors of c.
3, 11
Let d = 3 - 3. List the prime factors of 22*((-26)/(-4) - d).
11, 13
Let w(y) = -20*y + 6. Let z(u) = -20*u + 6. Let x(b) = -5*w(b) + 4*z(b). Let t be x(2). Let g = t + -14. List the prime factors of g.
2, 5
Let l = 30 + 59. Suppose s - l = 11. What are the prime factors of s?
2, 5
Let r(l) = -l**2 + 9*l - 18. Let q be r(6). Suppose 3*p - 83 - 22 = q. What are the prime factors of p?
5, 7
Let t(c) = -c**2 + 3*c + 1. Suppose -h = 2*p - 4 - 2, 2*h + 5*p = 14. Let w be t(h). List the prime factors of ((-6)/4)/(w/(-18)).
3
Suppose p + 84 = 3*p. Let d = -35 + p. List the prime factors of d.
7
Suppose -s - 4552 = -5*b, 3*s = 2*b + 6*s - 1814. What are the prime factors of (-3)/(-24) - b/(-16)?
3, 19
Let u = -29 - -398. List the prime factors of u.
3, 41
Suppose -2*i + 2*j = -1624, 0 = -4*i + i - j + 2420. Suppose a = 9*a - i. List the prime factors of a.
101
Let u(q) = 13*q + 19. What are the prime factors of u(20)?
3, 31
Suppose 3*t - 14 = t. Suppose -t*d + 132 = -3*d. Suppose -5*k + 7 = 4*g - 114, -g = 4*k - d. What are the prime factors of g?
29
List the prime factors of 6934/12 - 16/384*-4.
2, 17
Suppose 5*g + 22 = 4*i, -3*g - i + 3*i = 12. What are the prime factors of (g + 0)*2618/(-44)?
7, 17
Suppose 4*l - 3 = 5*m - 36, -4*m - 4*l + 48 = 0. Suppose 0*x = -m*x + 1143. List the prime factors of x.
127
Suppose g - 5*g + 299 = -5*r, 2*r + 152 = 2*g. Let b = g + -27. What are the prime factors of b?
2, 3
Suppose 25284 = 29*w - 8*w. List the prime factors of w.
2, 7, 43
Let x(m) = -109*m**2 - 1 + 191*m**2 - m + 1. List the prime factors of x(1).
3
Suppose -6*l + l = -5*w + 5, 4*w - l = 10. Suppose 0 = w*d - 19 - 107. What are the prime factors of d?
2, 3, 7
Suppose -36 = 4*z + 12. Let t be 60*4/z*-4. Suppose t = 4*n - 2*n. List the prime factors of n.
2, 5
Suppose 13 = 3*k - 5. Suppose -5*o + k = -3*o, f - 4*o - 64 = 0. List the prime factors of f.
2, 19
Let f be 160/8*(-4)/(-10). Suppose -312 = -f*v + 2*v. List the prime factors of v.
2, 13
Suppose 8*m = 3*m + 5. Let a(i) = -i**2 - 3*i - 2. Let q be a(-3). What are the prime factors of ((-1)/m)/(q/26)?
13
Suppose 5*r - 4*h - 1600 = 299, -h + 378 = r. Let j = -215 + r. List the prime factors of j.
2, 41
Suppose -11 = -5*x - r, -8 - 5 = x + 4*r. Suppose 5*o = x*o. Suppose 2*f = -o*f + 3*w + 111, -2*f + 2*w = -106. What are the prime factors of f?
2, 3
Let s be ((-24)/84)/(2/(-154)). Suppose -s = -l + 5*h, 0 = -2*l + 5*l + 2*h + 2. Suppose t = -3*x - 11 + 54, l*t = 2*x + 118. List the prime factors of t.
5, 11
Let j be 2/(-7) + 3756/(-84). Let r = 95 + j. What are the prime factors of r?
2, 5
Suppose 8*v = 1064 + 544. What are the prime factors of v?
3, 67
Let p(j) = 21*j**2 - 16*j - 100. List the prime factors of p(-5).
5, 101
Let j(g) = -15*g - 13. Suppose -26 = 4*s - 2*i - 0*i, 4*s + 4*i = -32. Let h be j(s). List the prime factors of (-5)/((-20)/h) + 3.
2, 13
Suppose -623 = -2*t - x, -t + 5*x = 8*x - 299. List the prime factors of t.
2, 157
Let v = -232 + 3350. List the prime factors of v.
2, 1559
Let f(u) = u**3 - 4*u**2 - u + 2. Let j be f(5). Let i = j - 22. Suppose 0*g - 2*g = -4*z - 16, i = -g - 4*z + 8. What are the prime factors of g?
2
Let w(s) = 63*s. Let f be 20/(-40)*2/(-1). What are the prime factors of w(f)?
3, 7
Let r(q) = -6*q - 2. Let x be r(-2). Let g = 24 - x. Suppose -g = -3*t + 13. What are the prime factors of t?
3
Suppose 2*u - u = -138. Let p = 359 - 558. Let r = u - p. What are the prime factors of r?
61
Suppose 2*g - 8*g = -246. Suppose 4*d - g = 15. List the prime factors of d.
2, 7
Let t = -39 - -31. Let r be (-206)/t - 3/4. Suppose -r = -5*l, -3*z + l + 196 = 3*l. What are the prime factors of z?
2, 31
Let f(u) = -2*u**3 + 5*u**2 + 4*u - 4. Let c be f(-4). Let y = c + -123. What are the prime factors of y?
5, 13
Let q be (-165)/(-22) + 5/2. Suppose -4*b = -10 - q, -5*j - b + 560 = 0. What are the prime factors of j?
3, 37
Let m(y) = 3*y - 35. Let g be m(15). Suppose 6*d = g*d - 416. List the prime factors of d.
2, 13
Suppose 0 = 4*d - 8*d - 164. Let t = d + 109. Let z = 116 - t. What are the prime factors of z?
2, 3
Suppose -3*l + 2*l = -5. Suppose 0 = l*v - 4*v - 2. Suppose v*s - 74 = -3*k, -s + 4*s = 3*k + 96. List the prime factors of s.
2, 17
Let t = 0 - -7. Let q be 2/1*(2 + -3). What are the prime factors of (t/7)/(q/(-54))?
3
Let y(d) = 6*d**2 - 17. List the prime factors of y(7).
277
Suppose 0 = 3*v + 2*v - 20, -470 = -w + 4*v. List the prime factors of w.
2, 3
Let x(r) = 20*r**2 - 4*r + 8. Let f be x(2). Let i = -28 + f. What are the prime factors of i?
2, 13
Let o = 1315 - -263. What are the prime factors of o?
2, 3, 263
Let i = -27 + 25. Let d be i/(-10) + 28/10. Suppose -6 = -y + s, -2*y - d*s = s - 42. List the prime factors of y.
11
What are the prime factors of 54/(12*(-3)/(-24))?
2, 3
Let t(f) = -4*f + 35. Let g be t(-5). Suppose -63*m + 64*m - g = 0. List the prime factors of m.
5, 11
Suppose 25*m = 20*m - 25. Let g(t) = t**3 + 8*t**2 - 6*t - 6. List the prime factors of g(m).
3, 11
Let b(g) = 40*g - 8. Let m be b(4). Let u = m + -56. What are the prime factors of u?
2, 3
Suppose -6 - 9 = -3*o. Suppose -8 = o*g - 18. Suppose 207 = b + g*b. What are the prime factors of b?
3, 23
Suppose 6 = -2*c - 2*v, -v + 0 + 2 = -4*c. Let l(q) = -134*q**3 - 2*q**2 + 2*q + 3. List the prime factors of l(c).
7, 19
Let k(l) = 10*l + 5. Suppose 4*h + 2*f - 26 = h, 3*h = -3*f + 30. What are the prime factors of k(h)?
5, 13
Let p = 70 - 54. Suppose -p = -g + 4*m + 22, 0 = m + 4. What are the prime factors of g?
2, 11
Let f = 1201 - 171. What are the prime factors of f?
2, 5, 103
Let z(c) = -21*c - 34. List the prime factors of z(-18).
2, 43
Let d(f) = 837*f - 509. What are the prime factors of d(4)?
17, 167
Let u = 337 + 437. What are the prime factors of u?
2, 3, 43
Let g = 176 + -55. What are the prime factors of g?
11
Suppose -36*n + 7455 = -29*n. List the prime factors of n.
3, 5, 71
List the prime factors of 0/(-2) - (-4 + -1439)/3.
13, 37
Let c(k) = 25*k**2 - 3*k + 2. Let y be c(1). Suppose 2*g = 5*n + 104, -3*n = -3*g + 132 + y. List the prime factors of g.
2, 13
Suppose -46 = -2*k - 162. Let d = k + 137. List the prime factors of d.
79
List the prime factors of 1040/14*77/11.
2, 5, 13
Let u(x) = -184*x + 172. What are the prime factors of u(-4)?
2, 227
Suppose -3*n - b = -2*n - 10, 8 = 4*b. Suppose 61 = 9*o - n*o. List the prime factors of o.
61
Let q be ((-25)/(-10))/(1/6). Let w = q - 8. Let t = w + 0. What are the prime factors of t?
7
Suppose v - 75*b - 190 = -71*b, -b = v - 205. What are the prime factors of v?
2, 101
Let w(a) = -a**3 + 3*a**2 + 4*a - 1. Let l = 0 - -2. Let o be (-6)/(-2 + l + -2). List the prime factors of w(o).
11
Let k = -58 - -63. Suppose 4*r - 1406 = -k*g, 3*g - 1111 = 2*r - 285. List the prime factors of g.
2, 139
Suppose 0 = -y + s + 1091 + 365, -4*y + 5*s + 5826 = 0. What are the prime factors of y?
2, 727
Suppose 4*c - 3*n - 5385 = 0, -c = -2*n + 3*n - 1355. What are the prime factors of c?
2, 3, 5
Let l(a) = -18*a - 6. Let g(p) = p - 1. Let o(w) = -4*g(w) - l(w). Let z be o(6). Suppose 4*j - z = -2*k, -j - 2 = 3. List the prime factors of k.
3, 19
Let l(o) = 39*o + 8. Let a(t) be the first derivative of -77*t**2/2 - 15*t - 1. Let r(d) = -6*a(d) - 11*l(d). List the prime factors of r(1).
5, 7
Let j = -21 - -50. Let w = j - -21. What are the prime factors of w?
2, 5
Suppose -61*r = -59*r + 1244. Let h = -344 - r. What are the prime factors of h?
2, 139
Let z be -4 - (-1222 - 6/(-3)). Suppose 5*r = -4*l + z, -l + 5*l - 1216 = 2*r. What are the prime factors of l?
2, 19
Let v = 38 + -36. Suppose v*i = r - 37, 5*r + 5*i - 155 = -0*i. What are the prime factors of r?
3, 11
Suppose -3*j + 5*k = -1 + 21, 0 = -k + 4. Suppose 2 = -z - 3*a, -5*z + 2*a + 2*a + 28 = j. Suppose z*q - 282 = -82. List the prime factors of q.
2, 5
Suppose 11*s = 15*s - 40. Suppose s*m - 327 = 153. What are the prime factors of m?
2, 3
Let u(t) = -t**3 - 7*t**2 + 21*t - 33. List the prime factors